{"id":2,"date":"2024-10-28T18:33:26","date_gmt":"2024-10-28T18:33:26","guid":{"rendered":"http:\/\/swiadectwa-energia.pl\/?page_id=2"},"modified":"2024-11-20T21:51:06","modified_gmt":"2024-11-20T21:51:06","slug":"sample-page","status":"publish","type":"page","link":"https:\/\/swiadectwa-energia.pl\/","title":{"rendered":"Us\u0142ugi profesjonalnych audytor\u00f3w energetycznych"},"content":{"rendered":"\n<div class=\"wp-block-columns is-style-rounded has-medium-font-size is-layout-flex wp-container-core-columns-is-layout-28f84493 wp-block-columns-is-layout-flex\">\n<div class=\"wp-block-column is-layout-flow wp-block-column-is-layout-flow\" style=\"flex-basis:50%\">\n<figure class=\"wp-block-image has-custom-border\"><img loading=\"lazy\" decoding=\"async\" width=\"1024\" height=\"624\" src=\"http:\/\/swiadectwa-energia.pl\/wp-content\/uploads\/2024\/11\/startup-594090_1280-\u2014-kopia-1024x624.jpg\" alt=\"\" class=\"wp-image-275\" style=\"border-radius:500px\" srcset=\"https:\/\/swiadectwa-energia.pl\/wp-content\/uploads\/2024\/11\/startup-594090_1280-\u2014-kopia-1024x624.jpg 1024w, https:\/\/swiadectwa-energia.pl\/wp-content\/uploads\/2024\/11\/startup-594090_1280-\u2014-kopia-300x183.jpg 300w, https:\/\/swiadectwa-energia.pl\/wp-content\/uploads\/2024\/11\/startup-594090_1280-\u2014-kopia-768x468.jpg 768w, https:\/\/swiadectwa-energia.pl\/wp-content\/uploads\/2024\/11\/startup-594090_1280-\u2014-kopia.jpg 1253w\" sizes=\"auto, (max-width: 1024px) 100vw, 1024px\" \/><\/figure>\n<\/div>\n\n\n\n<div class=\"wp-block-column is-layout-flow wp-block-column-is-layout-flow\" style=\"flex-basis:50%\">\n<p>od 2018 roku wykorzystujemy specjalistyczn\u0105 wiedz\u0105 oraz nasze do\u015bwiadczenie, aby wykonywa\u0107 dla pa\u0144stwa audyty oraz \u015bwiadectwa charakterystyki energetycznej. Oferujemy rzetelne i profesjonalne analizy. <\/p>\n\n\n\n<div class=\"wp-block-buttons is-layout-flex wp-block-buttons-is-layout-flex\">\n<div class=\"wp-block-button\"><a class=\"wp-block-button__link wp-element-button\" href=\"http:\/\/swiadectwa-energia.pl\/index.php\/o-nas\/\">Dowiedz si\u0119 o nas wi\u0119cej<\/a><\/div>\n<\/div>\n<\/div>\n<\/div>\n\n\n\n<div class=\"wp-block-cover is-light\" style=\"border-style:none;border-width:0px;border-radius:400px;min-height:280px;aspect-ratio:unset;\"><span aria-hidden=\"true\" class=\"wp-block-cover__background has-cyan-bluish-gray-background-color has-background-dim-10 has-background-dim\"><\/span><img loading=\"lazy\" decoding=\"async\" width=\"2560\" height=\"2560\" class=\"wp-block-cover__image-background wp-image-116\" alt=\"\" src=\"http:\/\/swiadectwa-energia.pl\/wp-content\/uploads\/2024\/11\/rows-colorful-energy-category-scaled.jpg\" style=\"object-position:30% 21%\" data-object-fit=\"cover\" data-object-position=\"30% 21%\" srcset=\"https:\/\/swiadectwa-energia.pl\/wp-content\/uploads\/2024\/11\/rows-colorful-energy-category-scaled.jpg 2560w, https:\/\/swiadectwa-energia.pl\/wp-content\/uploads\/2024\/11\/rows-colorful-energy-category-300x300.jpg 300w, https:\/\/swiadectwa-energia.pl\/wp-content\/uploads\/2024\/11\/rows-colorful-energy-category-1024x1024.jpg 1024w, https:\/\/swiadectwa-energia.pl\/wp-content\/uploads\/2024\/11\/rows-colorful-energy-category-150x150.jpg 150w, https:\/\/swiadectwa-energia.pl\/wp-content\/uploads\/2024\/11\/rows-colorful-energy-category-768x768.jpg 768w, https:\/\/swiadectwa-energia.pl\/wp-content\/uploads\/2024\/11\/rows-colorful-energy-category-1536x1536.jpg 1536w, https:\/\/swiadectwa-energia.pl\/wp-content\/uploads\/2024\/11\/rows-colorful-energy-category-2048x2048.jpg 2048w\" sizes=\"auto, (max-width: 2560px) 100vw, 2560px\" \/><div class=\"wp-block-cover__inner-container is-layout-flow wp-container-core-cover-is-layout-0ab540ad wp-block-cover-is-layout-flow\">\n<p class=\"has-text-align-center has-large-font-size\"><strong>\u015awiadectwa charakterystyki energetycznej budynk\u00f3w i lokali<\/strong><\/p>\n\n\n\n<div class=\"wp-block-buttons is-content-justification-center is-layout-flex wp-container-core-buttons-is-layout-a89b3969 wp-block-buttons-is-layout-flex\">\n<div class=\"wp-block-button\"><a class=\"wp-block-button__link has-text-align-center wp-element-button\" href=\"http:\/\/swiadectwa-energia.pl\/index.php\/swiadectwa-charakterystyki-energetycznej-budynkow-i-lokali\/\">Dowiedz si\u0119 wi\u0119cej<\/a><\/div>\n<\/div>\n<\/div><\/div>\n\n\n\n<div class=\"wp-block-cover is-light\" style=\"border-radius:400px;min-height:279px;aspect-ratio:unset;\"><span aria-hidden=\"true\" class=\"wp-block-cover__background has-white-background-color has-background-dim-20 has-background-dim\"><\/span><img loading=\"lazy\" decoding=\"async\" width=\"1280\" height=\"851\" class=\"wp-block-cover__image-background wp-image-174\" alt=\"\" src=\"http:\/\/swiadectwa-energia.pl\/wp-content\/uploads\/2024\/11\/penlight.jpg\" style=\"object-position:64% 0%\" data-object-fit=\"cover\" data-object-position=\"64% 0%\" srcset=\"https:\/\/swiadectwa-energia.pl\/wp-content\/uploads\/2024\/11\/penlight.jpg 1280w, https:\/\/swiadectwa-energia.pl\/wp-content\/uploads\/2024\/11\/penlight-300x199.jpg 300w, https:\/\/swiadectwa-energia.pl\/wp-content\/uploads\/2024\/11\/penlight-1024x681.jpg 1024w, https:\/\/swiadectwa-energia.pl\/wp-content\/uploads\/2024\/11\/penlight-768x511.jpg 768w\" sizes=\"auto, (max-width: 1280px) 100vw, 1280px\" \/><div class=\"wp-block-cover__inner-container is-layout-flow wp-container-core-cover-is-layout-9f77543f wp-block-cover-is-layout-flow\">\n<p class=\"has-text-align-center has-large-font-size\"><strong>Audyt energetyczny budynku<\/strong><\/p>\n\n\n\n<div class=\"wp-block-buttons is-content-justification-center is-layout-flex wp-container-core-buttons-is-layout-a89b3969 wp-block-buttons-is-layout-flex\">\n<div class=\"wp-block-button\"><a class=\"wp-block-button__link wp-element-button\" href=\"http:\/\/swiadectwa-energia.pl\/index.php\/audyt-energetyczny-budynku\/\">Dowiedz si\u0119 wi\u0119cej<\/a><\/div>\n<\/div>\n<\/div><\/div>\n\n\n\n<div class=\"wp-block-cover\" style=\"border-radius:400px;min-height:280px;aspect-ratio:unset;\"><span aria-hidden=\"true\" class=\"wp-block-cover__background has-background-dim-20 has-background-dim\"><\/span><img loading=\"lazy\" decoding=\"async\" width=\"1280\" height=\"771\" class=\"wp-block-cover__image-background wp-image-169\" alt=\"\" src=\"http:\/\/swiadectwa-energia.pl\/wp-content\/uploads\/2024\/11\/job-5382501_1280-1.jpg\" style=\"object-position:57% 0%\" data-object-fit=\"cover\" data-object-position=\"57% 0%\" srcset=\"https:\/\/swiadectwa-energia.pl\/wp-content\/uploads\/2024\/11\/job-5382501_1280-1.jpg 1280w, https:\/\/swiadectwa-energia.pl\/wp-content\/uploads\/2024\/11\/job-5382501_1280-1-300x181.jpg 300w, https:\/\/swiadectwa-energia.pl\/wp-content\/uploads\/2024\/11\/job-5382501_1280-1-1024x617.jpg 1024w, https:\/\/swiadectwa-energia.pl\/wp-content\/uploads\/2024\/11\/job-5382501_1280-1-768x463.jpg 768w\" sizes=\"auto, (max-width: 1280px) 100vw, 1280px\" \/><div class=\"wp-block-cover__inner-container is-layout-flow wp-container-core-cover-is-layout-9f77543f wp-block-cover-is-layout-flow\">\n<p class=\"has-text-align-center has-large-font-size\"><strong>Obowi\u0105zkowy audyt przedsi\u0119biorstwa<\/strong><\/p>\n\n\n\n<div class=\"wp-block-buttons is-content-justification-center is-layout-flex wp-container-core-buttons-is-layout-a89b3969 wp-block-buttons-is-layout-flex\">\n<div class=\"wp-block-button\"><a class=\"wp-block-button__link wp-element-button\" href=\"http:\/\/swiadectwa-energia.pl\/index.php\/audyt-przedsiebiorstwa\/\">Dowiedz si\u0119 wi\u0119cej<\/a><\/div>\n<\/div>\n<\/div><\/div>\n\n\n\n<div class=\"wp-block-cover wp-duotone-unset-1\" style=\"border-radius:400px;margin-top:0;margin-bottom:0;padding-top:0;padding-bottom:0;min-height:281px;aspect-ratio:unset;\"><span aria-hidden=\"true\" class=\"wp-block-cover__background has-palette-color-8-background-color has-background-dim-10 has-background-dim\"><\/span><img loading=\"lazy\" decoding=\"async\" width=\"1280\" height=\"720\" class=\"wp-block-cover__image-background wp-image-170\" alt=\"\" src=\"http:\/\/swiadectwa-energia.pl\/wp-content\/uploads\/2024\/11\/wind-5324144_1280.jpg\" style=\"object-position:26% 57%\" data-object-fit=\"cover\" data-object-position=\"26% 57%\" srcset=\"https:\/\/swiadectwa-energia.pl\/wp-content\/uploads\/2024\/11\/wind-5324144_1280.jpg 1280w, https:\/\/swiadectwa-energia.pl\/wp-content\/uploads\/2024\/11\/wind-5324144_1280-300x169.jpg 300w, https:\/\/swiadectwa-energia.pl\/wp-content\/uploads\/2024\/11\/wind-5324144_1280-1024x576.jpg 1024w, https:\/\/swiadectwa-energia.pl\/wp-content\/uploads\/2024\/11\/wind-5324144_1280-768x432.jpg 768w\" sizes=\"auto, (max-width: 1280px) 100vw, 1280px\" \/><div class=\"wp-block-cover__inner-container is-layout-flow wp-container-core-cover-is-layout-c9309226 wp-block-cover-is-layout-flow\">\n<p class=\"has-text-align-center has-large-font-size\"><strong>Audyt efektywno\u015bci energetycznej<\/strong><\/p>\n\n\n\n<div class=\"wp-block-buttons is-content-justification-center is-layout-flex wp-container-core-buttons-is-layout-a89b3969 wp-block-buttons-is-layout-flex\">\n<div class=\"wp-block-button\"><a class=\"wp-block-button__link wp-element-button\">Dowiedz si\u0119 wi\u0119cej<\/a><\/div>\n<\/div>\n<\/div><\/div>\n","protected":false},"excerpt":{"rendered":"<p>od 2018 roku wykorzystujemy specjalistyczn\u0105 wiedz\u0105 oraz nasze do\u015bwiadczenie, aby wykonywa\u0107 dla pa\u0144stwa audyty oraz \u015bwiadectwa charakterystyki energetycznej. Oferujemy rzetelne i profesjonalne analizy.<\/p>\n","protected":false},"author":1,"featured_media":0,"parent":0,"menu_order":0,"comment_status":"closed","ping_status":"open","template":"","meta":{"footnotes":""},"class_list":["post-2","page","type-page","status-publish","hentry"],"blocksy_meta":{"background":{"background_type":"color","background_pattern":"type-11","background_image":{"attachment_id":21,"x":0,"y":0,"url":"http:\/\/swiadectwa-energia.pl\/wp-content\/uploads\/2024\/11\/desk-3076954_1280-1024x682.jpg"},"gradient":"linear-gradient(135deg,rgba(6,147,227,1) 0%,rgb(155,81,224) 100%)","background_repeat":"repeat","background_size":"cover","background_attachment":"scroll","patternColor":{"default":{"color":"#aad6a1"}},"overlayColor":{"default":{"color":"CT_CSS_SKIP_RULE"}},"backgroundColor":{"default":{"color":"var(--theme-palette-color-5)"}}},"styles_descriptor":{"styles":{"desktop":"[data-prefix=\"single_page\"] {background-color:var(--theme-palette-color-5);background-image:none;}","tablet":"","mobile":""},"google_fonts":[],"version":6}},"_links":{"self":[{"href":"https:\/\/swiadectwa-energia.pl\/index.php\/wp-json\/wp\/v2\/pages\/2","targetHints":{"allow":["GET"]}}],"collection":[{"href":"https:\/\/swiadectwa-energia.pl\/index.php\/wp-json\/wp\/v2\/pages"}],"about":[{"href":"https:\/\/swiadectwa-energia.pl\/index.php\/wp-json\/wp\/v2\/types\/page"}],"author":[{"embeddable":true,"href":"https:\/\/swiadectwa-energia.pl\/index.php\/wp-json\/wp\/v2\/users\/1"}],"replies":[{"embeddable":true,"href":"https:\/\/swiadectwa-energia.pl\/index.php\/wp-json\/wp\/v2\/comments?post=2"}],"version-history":[{"count":56,"href":"https:\/\/swiadectwa-energia.pl\/index.php\/wp-json\/wp\/v2\/pages\/2\/revisions"}],"predecessor-version":[{"id":333,"href":"https:\/\/swiadectwa-energia.pl\/index.php\/wp-json\/wp\/v2\/pages\/2\/revisions\/333"}],"wp:attachment":[{"href":"https:\/\/swiadectwa-energia.pl\/index.php\/wp-json\/wp\/v2\/media?parent=2"}],"curies":[{"name":"wp","href":"https:\/\/api.w.org\/{rel}","templated":true}]}}